 + 4104 = 191*l. What are the prime factors of l?
3, 19
Suppose 65*p = 74*p - 33453. List the prime factors of p.
3, 7, 59
Let p(i) = -26*i**2 - 14*i - 5. Let t(c) = 13*c**2 + 7*c + 2. Let r(d) = -6*p(d) - 11*t(d). What are the prime factors of r(-4)?
2, 47
Let u = 105 - 81. Suppose -86 - u = -m. List the prime factors of m.
2, 5, 11
Suppose 5*k + 19 = x + 114, 19 = k + 4*x. Suppose 0 = 6*t - 53 - k. What are the prime factors of t?
2, 3
Let m(s) = -s + 2. Let x be m(0). Let h(p) = -p**2 - p - 6. Let i be h(-9). List the prime factors of x - i/9*3.
2, 7
Suppose 29*w - 34*w + 130 = 0. Suppose 0 = 6*x - 214 - w. List the prime factors of x.
2, 5
Suppose 0 = 4441*s - 4452*s + 35079. List the prime factors of s.
3, 1063
Let r be (-2)/3*(-15 + 9). Suppose -r*j + 0*j = 12. List the prime factors of -1 + (-2 - j) - -8.
2
Suppose 3*d = -b - 36, 4*b + b + 2*d = -154. What are the prime factors of b/2*(-70)/21?
2, 5
Suppose 2*u - 6034 = -4*k, 4*k + 5*u - 7*u - 6054 = 0. What are the prime factors of k?
1511
Let d(m) = 26*m - 176. What are the prime factors of d(19)?
2, 3, 53
Let y = 17 - 15. Suppose 3*d = y*l + 4*d - 1, -3*l + 3 = 3*d. Let n(w) = w**3 + 14. What are the prime factors of n(l)?
2, 7
Suppose -48*d + 57*d = 3114. List the prime factors of d.
2, 173
Let g(q) = -126*q + 102. What are the prime factors of g(-5)?
2, 3, 61
Suppose -35*b + 10112 + 9313 = 0. List the prime factors of b.
3, 5, 37
Suppose 7*b = 2612 - 92. List the prime factors of b.
2, 3, 5
Let k = 53 + -49. Let o(v) = 3*v**2 + 5*v + 2. List the prime factors of o(k).
2, 5, 7
Suppose -5*g - 2*p = -11, -7 = -3*g + 4*p + 10. Let a(f) = -f**3 - 7*f**2 - 6*f - 5. Let l be a(-7). Suppose -o + l = g. What are the prime factors of o?
2, 17
Let j(a) = a + 95. Let u be j(5). Suppose n = 2*n + 68. Let s = u + n. List the prime factors of s.
2
Let u be (1 + -1 - -3)/((-3)/98). Let v = u + 206. What are the prime factors of v?
2, 3
Let z(r) = r**3 - 8*r**2 + 7. Let c be z(8). Suppose 2*h - 62 = 4*y, c*y - 6*y + 1 = 0. What are the prime factors of h?
29
Let a(l) be the third derivative of -11*l**4/24 + l**2. Let h = -243 - -236. What are the prime factors of a(h)?
7, 11
Let n be 4*-5*(-38)/(-4). Let f = n - -280. What are the prime factors of f?
2, 3, 5
Let a(r) be the second derivative of 5*r**4/12 + r**3/3 - 3*r**2 + 5*r. Let n be a(-7). Suppose -z - n = -6*z. What are the prime factors of z?
3, 5
Suppose 115 = 6*x - 2747. Suppose -x = 12*z - 21*z. List the prime factors of z.
53
Let h = 440 - -199. What are the prime factors of h?
3, 71
Let n = -126 - -681. What are the prime factors of n?
3, 5, 37
Let u = 662 - 285. What are the prime factors of u?
13, 29
Let x be 3/2*(-12)/(-6). Let c be 25/(-2)*((-54)/10 + 3). Let p = c + x. What are the prime factors of p?
3, 11
Suppose 0 = 66*u - 89*u + 22678. List the prime factors of u.
2, 17, 29
Let c(t) = t**3 - 16*t**2 + 82*t - 7. List the prime factors of c(6).
5
Let j = 124 - -460. List the prime factors of j.
2, 73
Let c(w) = 21*w**2. Let g be c(-1). What are the prime factors of (-3)/(-2)*2296/g?
2, 41
Suppose 12*c - 3*i = 7*c + 8475, -4*c + 6783 = -3*i. List the prime factors of c.
2, 3, 47
Let h be (-93)/(-21) + (-12)/(-21). List the prime factors of (2/2 - -54)/(5/h).
5, 11
Suppose 2*v = -4*w + 1970, -2*w + 2456 = 3*w - 4*v. List the prime factors of w.
2, 3, 41
Let z be 0 + 2*(-1 + 3). Suppose z*i - 300 = -0*i. What are the prime factors of i?
3, 5
Suppose -5*d + 6*d = 4*u + 854, 0 = 3*d + 2*u - 2548. What are the prime factors of d?
2, 5, 17
Let f = -438 + 443. What are the prime factors of f?
5
Suppose 0 = 4*b - 3*t - 376, -4*b + 404 = 5*t - t. Suppose 5*d - a - 106 = 156, 3*a + b = 2*d. List the prime factors of d.
53
Suppose -3*g + 87 = -3*l, -3*l + 6*l + 112 = 4*g. What are the prime factors of g?
5
Let o be (-14)/5*(-1 + 9/(-6)). Suppose 2*r + k = -3*r + 19, -17 = -4*r + k. Let p = o + r. What are the prime factors of p?
11
Let w = 59 - 57. Suppose 8 = w*n - 20. List the prime factors of n.
2, 7
Let l(m) = -m**2 + 11*m - 16. Let w be l(10). What are the prime factors of (-104)/((-3)/w*-4)?
2, 13
Let i(v) = 35*v + 9. Let l(d) = 36*d + 10. Let r(k) = -5*i(k) + 4*l(k). What are the prime factors of r(-1)?
2, 13
Suppose 110 + 272 = 2*f. Let p = f + -97. List the prime factors of p.
2, 47
Let y(b) = 3*b**3 + b**2 + 2*b - 2. Let l be 3/(-2)*12/(-18). Let i be y(l). Suppose 3*j - 2*u = 140, j - 248 = -i*j - 4*u. List the prime factors of j.
2, 3
Suppose 6*o - 2*o + 35 = 5*t, 0 = 5*t + 4*o - 35. List the prime factors of t.
7
Let x = 65 + 37. Let b = 254 - x. What are the prime factors of b?
2, 19
Let v = 9 - -1. Suppose -2*l + v = -0*l. Suppose 23 = 2*q + 3*m, l*m + 15 = q - 16. What are the prime factors of q?
2
Suppose -3 = -0*f - f. Suppose 3*m + 0*m = 3*t - 9, 5*t = f*m + 15. Suppose 0*x - 5*g - 19 = -t*x, 4*x - 36 = 4*g. List the prime factors of x.
13
Let y be 2/3 - (-14)/(-6)*-7. Let m(k) be the first derivative of -k**4/4 + 17*k**3/3 + 15*k - 1. What are the prime factors of m(y)?
3, 5
Suppose a = 4*z + 4, -2*a = -3*z + a - 3. Let q be z/(-3) + (-8)/(-3). What are the prime factors of (q - 2) + 35 + -1?
5, 7
Let s(l) = 15*l**2 - 29*l + 207. List the prime factors of s(7).
739
Let a = -25 + 28. Let o(b) = -8 + 0*b**2 + 2*b**3 + 4*b**3 + 4*b + 5*b**2 - 7*b**a. List the prime factors of o(5).
2, 3
Let j = -515 + 1096. What are the prime factors of j?
7, 83
Let t = -251 + 722. What are the prime factors of t?
3, 157
Let i(c) = 6*c - 1. Let l be i(-5). Let t = l - -32. What are the prime factors of t/1 - (-248)/8?
2
Suppose -93*m + 16335 = -78*m. List the prime factors of m.
3, 11
Suppose 2*m - 5180 = -5*m. Suppose 45*d - m = 40*d. What are the prime factors of d?
2, 37
Suppose 4*h - 6*h + 1844 = 0. What are the prime factors of h?
2, 461
Let b = 454 + 1837. What are the prime factors of b?
29, 79
Suppose -7*f - 21*f = -32116. What are the prime factors of f?
31, 37
Let j(n) = -60*n**3 - n - 2. Suppose 0*c - w - 4 = 2*c, -3*w + 4 = 2*c. Let s be 1/c + 39/(-52). List the prime factors of j(s).
59
Let b = -17 - -17. Suppose b*h - 5*h = 0. Suppose h = 3*k + 6 - 93. List the prime factors of k.
29
Suppose 3*c = 5*n + 5, 5*c - 24 = -2*n + 5. What are the prime factors of 3/((-3)/n) + 77?
3, 5
Suppose -t = -2*k - 2, -14 = -5*t + 5*k + 16. Suppose 4*y = -c - 4 + t, 4*y = 0. Suppose -c*f + 2*f + 172 = 0. What are the prime factors of f?
43
Let m(h) = 18*h - 200. What are the prime factors of m(40)?
2, 5, 13
Suppose 0 = 4*r - 8*r + 80. Suppose 16 = 4*p - r. What are the prime factors of p?
3
Let u(b) = 7*b**3 - b**2 - 6*b + 5. List the prime factors of u(3).
167
Suppose 5549 = 2*q + 1387. List the prime factors of q.
2081
Let f = 526 - -164. What are the prime factors of f?
2, 3, 5, 23
Let x = -602 + 1675. List the prime factors of x.
29, 37
Suppose 5*c - 1405 = -4*u + 1330, -4*c + 2167 = -u. What are the prime factors of c?
3, 181
Suppose -t - 15 = -2. Let q = t + 19. What are the prime factors of 2/4*(q - -16)?
11
Suppose 0 = 4*t - 1 - 19. Suppose -y - 4*h = 18, -3*y + 6*h - h + 31 = 0. Suppose 455 = t*s + y*s. List the prime factors of s.
5, 13
Let w(p) = 5*p**2 + 8*p + 2. Let i be w(-3). Suppose -5 + i = d. List the prime factors of (-51)/2*(-12)/d.
17
Suppose 18*a - 5*a = 598. List the prime factors of a.
2, 23
Suppose 11*q - 4 = 10*q, -4*y - q = 820. Let a = y + 395. What are the prime factors of a?
3, 7
Suppose 0 = 6*v - 7*v. Suppose g - 92 + 5 = v. What are the prime factors of g?
3, 29
Suppose 3*o + 0*o - 141 = 0. Let g(y) = -2*y + 44. Let a be g(8). Let s = o - a. What are the prime factors of s?
19
Suppose -5*n + 45 + 90 = 0. What are the prime factors of 2/(-3) - (-450)/n?
2
Let k(w) = w - 1. Let f = -42 - -35. Let n be k(f). Let v = 35 - n. What are the prime factors of v?
43
Let g(r) = -19*r - 3. Suppose 0*c = 2*c - 32. Suppose 4*b = c - 32. List the prime factors of g(b).
73
Suppose 4*x - 5 = 11. Suppose 4*m + 9*l - 264 = 4*l, -232 = -x*m + 3*l. What are the prime factors of m?
61
What are the prime factors of -2 + 4 + 24206/(21 + -8)?
2, 233
Suppose -3*p - 18 = -2*a, 0 = -3*a - a - 3*p + 36. Let t(f) = -f**2 + 11*f + 11. List the prime factors of t(a).
29
Let r(u) = 2*u**2 + 17*u + 33. What are the prime factors of r(-18)?
3,